r of 15 and x?
5
Let r be (45/20)/((-12)/(-64)). What is the highest common divisor of 36 and r?
12
Suppose -7*d - 15 = -2*d, 3*d - 1 = -l. What is the greatest common factor of 50 and l?
10
Let s be (-2)/2 - (-22 - 0). Let j = s + 3. Calculate the greatest common factor of 16 and j.
8
Let j be (-2)/5 - (492/(-30) + -5). What is the greatest common divisor of j and 35?
7
Let x = 71 - 31. What is the highest common divisor of 60 and x?
20
Let v(b) = -2*b**3 - b**2 - 2*b - 1. Let c be v(-1). Suppose -c*p = -3*p + 24. Calculate the highest common factor of 16 and p.
8
Suppose 0 = 3*c - 127 - 62. Let r be 3/((3/(-9))/(-1)). Calculate the highest common divisor of r and c.
9
Let d be 49/(-7)*20/(-14). Let u(h) = h**3 - 9*h**2 - 11*h + 15. Let r be u(d). What is the highest common factor of r and 55?
5
Let d(a) = -a**3 - 4*a**2 + 2*a + 4. Let j be d(-5). What is the highest common factor of 38 and j?
19
Let v be (-8)/6*(-126)/28. Calculate the greatest common divisor of v and 2.
2
Suppose 3*l - 11 - 26 = -5*d, 0 = -2*l - 5*d + 33. Let m be 34/6 - l/(-12). Calculate the greatest common divisor of m and 48.
6
Let i = -2 + 2. Let f = 14 - i. Suppose 5*w + f = 99. What is the highest common divisor of 136 and w?
17
Let t = -17 + -8. Let g = t - -85. Calculate the greatest common divisor of g and 15.
15
Suppose -7*d = -33 - 44. Calculate the greatest common divisor of d and 209.
11
Suppose -l = -5*l. Suppose l = -5*m + 8 + 62. What is the greatest common factor of 56 and m?
14
Suppose 4*h = 332 + 144. Calculate the greatest common divisor of 17 and h.
17
Suppose g + 3*v = 7*v - 5, -2*g + 3*v + 15 = 0. Calculate the greatest common divisor of g and 150.
15
Let f = 2 + -2. Suppose f*r + 10 = 5*r. Suppose -r*u + 44 = -4. What is the highest common divisor of u and 16?
8
Let i(m) = m**3 - 8*m**2 - 18*m + 2. Let f be i(10). What is the highest common divisor of 22 and f?
22
Let m = 180 + -89. Suppose -s + 65 = 4*s. What is the highest common divisor of s and m?
13
Let j(y) = -y - 1. Let z be j(0). Let u be -2 + 21 - (0 - z). Calculate the highest common divisor of 2 and u.
2
Suppose -6 = -m + 3*s, -4*s = -2*m - 9*s + 45. Calculate the highest common divisor of m and 105.
15
Let i(r) = -25*r - 1. Let p be i(-5). Suppose -3*f + 0*v = -4*v - p, -f = 3*v - 24. What is the greatest common factor of f and 9?
9
Let g = -65 - -116. Calculate the highest common factor of 34 and g.
17
Let t = -35 + 60. Calculate the greatest common divisor of t and 50.
25
Suppose 0 = u + 3*u - 140. What is the greatest common factor of u and 5?
5
Let g(f) = f**3 + 12*f**2 - 14*f - 9. Let a be g(-9). Suppose a = 2*l + 2*l. Calculate the highest common factor of 18 and l.
18
Let g(y) = y**2 + 2*y - 4. Let c be g(-5). Let x = -79 - -123. What is the highest common divisor of x and c?
11
Let x be 30/(-7)*(-9 + 2). Suppose -3*z - x = -5*z. Suppose -z = -4*b + 17. Calculate the highest common factor of 40 and b.
8
Let s = -13 + 25. Calculate the highest common factor of 24 and s.
12
Suppose -196 = -4*h + 4. Suppose 5*k - 2*l = -4*l + h, 0 = 2*k - 4*l - 20. Calculate the greatest common factor of 10 and k.
10
Let m be (1/(-2))/((-3)/18). Suppose i + 0*t - 40 = 5*t, 0 = m*i + 2*t - 35. Calculate the greatest common divisor of i and 165.
15
Let u(k) = 2*k**2 + 2*k - 2. Let i be u(-2). Suppose -16*z + 20 = -12*z. What is the highest common factor of z and i?
1
Let k(h) = 63*h + 6. Suppose -1 = w - 9. Let i(p) = 21*p + 2. Let n(y) = w*i(y) - 3*k(y). Let d be n(-2). Calculate the highest common factor of d and 5.
5
Suppose 2*a + 20 = 5*q - 3*a, -q + 4 = 4*a. Let f be 6*6/q*1. Let d = 47 - 29. What is the highest common divisor of f and d?
9
Let r(n) = -2*n**2 + 10*n - 6. Let d be r(4). Let c = -7 + 4. Let v be (c/d)/(3/(-30)). Calculate the highest common divisor of 75 and v.
15
Suppose 0*w = -3*w + 6. Let c be (4/2)/(w/3). Let h be 4 + (-1)/c*0. What is the greatest common factor of 28 and h?
4
Suppose s - 6 = -0. What is the highest common factor of 54 and s?
6
Let l = -231 - -391. Let t be 0 - (-2 - (12 + 2)). What is the greatest common divisor of l and t?
16
Let m = -22 + 39. Calculate the highest common factor of m and 85.
17
Let r = 84 - 80. Let p = -3 + 5. Suppose 0 = -5*z + 2*g + 34, -4*z + 12 = 5*g - p. What is the highest common divisor of r and z?
2
Suppose 3*b - 57 = 495. What is the greatest common factor of b and 8?
8
Suppose -3*i = l - 18, -4*l = 4*i - 2*i - 52. Let z be (800/l)/(-4)*-3. What is the greatest common factor of z and 10?
10
Let j be (-327)/(5/((-50)/3)). Suppose 4*p + 3*b = -1091, b - 3*b = 4*p + j. Let v = p - -389. Calculate the highest common factor of 13 and v.
13
Let z = 62 - 30. Suppose -5*t + 105 = x, -154 = -4*x + 5*t + 141. Calculate the highest common divisor of z and x.
16
Let t(o) = 23*o + 10. Let z be t(2). What is the highest common divisor of z and 8?
8
Suppose 3*b - 4 = -1. Suppose 5*o = b + 9. Suppose -5*w - 6 = 4*s, -5*w - o*s - 3*s - 10 = 0. Calculate the greatest common divisor of w and 22.
2
Let z(d) = 8*d + 1 + 3*d + 2 - 2. Let g be z(9). What is the highest common factor of g and 20?
20
Suppose -2*y + 19 = -27. Suppose 3*f = -2*f + 2*h - y, 2*f - 14 = -5*h. Let j be 4/(-6) + (-17)/f. Calculate the greatest common factor of j and 25.
5
Let h be 2/5 - (-6)/10. Let k = 2 + h. What is the highest common divisor of k and 12?
3
Let n = -22 - -72. What is the highest common factor of n and 10?
10
Let s be 2/(-5) - (-82)/5. What is the greatest common divisor of 80 and s?
16
Let g(o) = -2*o**3 + o + 1. Let y be g(-1). Let l = 9 - y. Let m = -180 - -257. What is the highest common factor of m and l?
7
Suppose -3*j = 4*x - 76, x + 2*x + 117 = 5*j. What is the highest common factor of j and 3?
3
Let k(c) = -39*c**2 - 1. Let u be k(-1). Let h be -1*(u/4 - 2). Calculate the highest common divisor of 3 and h.
3
Let o(z) = -5 + 6 - 13 + z**2 - 2*z**2 + 11*z. Let l be o(9). Let n = -14 - -29. Calculate the highest common divisor of l and n.
3
Let h = 106 + -64. Calculate the greatest common divisor of h and 21.
21
Suppose -4*s + 3 = -5. Suppose -3*h + 15 = s*h. Let w = -2 + h. Calculate the highest common divisor of 2 and w.
1
Let d = 8 + -6. Let o = 6 - d. Suppose -c + 90 = o*c. Calculate the highest common factor of 27 and c.
9
Suppose 0 = -4*b - 28 + 136. What is the highest common divisor of b and 18?
9
Suppose 3*t - 4 = 2*t. Suppose 0 = 3*u - 3*v - 0*v + 66, 0 = 3*u - t*v + 69. Let d = 54 + u. What is the greatest common factor of 7 and d?
7
Let g be ((-8)/(-2) + 1)*22. Suppose -48 - 12 = -6*p. What is the highest common factor of g and p?
10
Let j = 40 + 10. Calculate the greatest common factor of 20 and j.
10
Let j = -50 + 59. Calculate the highest common factor of j and 117.
9
Let h(u) = u + 23. Let n be h(9). Let b(y) = -7*y + 2. Let a be b(-2). Calculate the highest common divisor of n and a.
16
Let h(d) = 43*d + 1. Let t(a) = -3*a + 2. Let q be t(-2). Let m = q + -7. Let i be h(m). Calculate the greatest common factor of 11 and i.
11
Suppose -16 + 4 = -3*x. Suppose -2*w + 43 = 3*z, -x*z = -0*z + 3*w - 58. Calculate the greatest common factor of z and 52.
13
Suppose -3*w + 3*j = 591, 5*w + 180 = -4*j - 787. Let k = w - -283. Calculate the highest common factor of 8 and k.
8
Let i = 129 - -78. Calculate the highest common factor of 23 and i.
23
Suppose 0*q + 12 = 4*q. Suppose -22 - q = 5*j. Let p be (-26)/(-10) + (-2)/j. What is the greatest common factor of p and 33?
3
Let z(x) = -2*x**2 + 16*x + 24. Let l be z(8). What is the greatest common factor of l and 264?
24
Let k be 12 - (-2 - 12/(-4)). Let y = -23 + 45. Calculate the greatest common factor of y and k.
11
Let n = 3 + 0. Suppose n*i - 15 = -3*d, 4*i - 2*d - 7 - 31 = 0. Calculate the highest common factor of 8 and i.
8
Suppose -11*h - 72 = -15*h. What is the highest common factor of h and 9?
9
Let l be (1/2)/((-3)/6). Let s(y) = 11*y**2 - y. Let k be s(l). What is the highest common divisor of k and 48?
12
Let g be (-168)/(-44) - (-2)/11. Let j = g + 6. Calculate the highest common factor of 80 and j.
10
Suppose -3*x + 536 = -x. Let q be (x/12)/(1/3). Let g be 4/(-10) + q/5. Calculate the highest common divisor of 13 and g.
13
Let o be (4 - 12)/(-2) - -6. What is the highest common divisor